.
19
Let q(s) = 4*s**2 + s - 2. Suppose 3*k = k + 2. Let i be q(k). List the prime factors of -4 + 0/i + 49.
3, 5
Suppose 0 = -6*w - 5 + 29. Suppose 2*t - 7 = -h + t, -5*h = -w*t - 26. List the prime factors of h.
2, 3
Suppose -p + 3*g = 102, -4*g - 376 = 7*p - 3*p. Let m = p - -215. What are the prime factors of m?
7, 17
Let d = 324 - -209. What are the prime factors of d?
13, 41
Let v be -7 - -2 - (0 - 0). Let n = -3 - v. List the prime factors of (3 + (2 - 3))*n.
2
Let r be 3*(-2 - (-14)/6). Suppose r + 7 = 4*b. Suppose -5*h = -5*p + 250, h + 43 = b*p - 58. List the prime factors of p.
3, 17
Let b = -13 + 16. Suppose -115 = -2*m - m - w, b*m - 2*w = 103. What are the prime factors of m?
37
Suppose 5*t - 541 = 1529. List the prime factors of t.
2, 3, 23
Let x be (-944)/(-6) - (-6)/(-18). Let t = x - 97. List the prime factors of t.
2, 3, 5
Suppose -16*o = -4840 - 1656. What are the prime factors of o?
2, 7, 29
Let c = 4048 + -624. List the prime factors of c.
2, 107
Suppose 2*c = -c - 609. Let d = -93 - c. Suppose 2*w + 5*t = -w + d, -2*t = -8. List the prime factors of w.
2, 3, 5
Suppose 5*w + 3*q - 17 - 36 = 0, 4*w + 4*q = 44. Let l be w/((-10)/3 - -3). What are the prime factors of l/(-4) - 3/6?
7
Suppose 0 = -3*z - 5*q - 10, 0*z - z + q + 2 = 0. Suppose z*w = w + 7. Let f = w - -15. What are the prime factors of f?
2
Suppose 11*q = -q + 2088. What are the prime factors of q?
2, 3, 29
Suppose 18*k + 9*k = 15147. What are the prime factors of k?
3, 11, 17
Suppose -3*x + 30 = -0*x. Suppose 5 = 5*v - x*v. Let p(r) = 33*r**2 - r - 1. What are the prime factors of p(v)?
3, 11
Suppose -3*m = -5*m + 32. Suppose -h - 3*a - 4 = -20, h = -5*a + m. Let v = 30 - h. List the prime factors of v.
2, 7
Let y be 4*(2/(-4))/1. Let b be ((-6)/24)/(y/8). What are the prime factors of 3 + (-3 - b*-34)?
2, 17
Let v = -33 + 27. Let f = v + 46. What are the prime factors of f?
2, 5
Suppose i - 2*m + 20 = 0, 6*i - 5*m + 80 = i. Let g be 282/4 - (-6)/i. Let s = g + -47. List the prime factors of s.
23
Suppose 3*a = -p - 5, -p = -0*p - 5*a + 45. Let n = -294 + 336. Let j = p + n. What are the prime factors of j?
2, 11
Let m = 2025 + -1121. List the prime factors of m.
2, 113
Let k be -4 + 2 + (-300)/3. Let x be (k/(-4))/((-6)/156). What are the prime factors of x/(-12) - (-12)/16?
2, 7
Suppose -4*k = 0, 5*k = 3*f - 395 - 4069. List the prime factors of f.
2, 3, 31
Let k(h) = 24*h + 2. Let s be k(2). Let l be ((-4)/10)/((-5)/s). Suppose 7 = l*b - 49. What are the prime factors of b?
2, 7
Suppose -1 + 5 = -2*k. Let d(i) = 4*i - 4. Let b be d(-7). Let c = k - b. What are the prime factors of c?
2, 3, 5
List the prime factors of (-3)/18*2*-1935.
3, 5, 43
Let k = 31 - 37. List the prime factors of (-7 - k)/(3/(-219)).
73
Let t(x) = 6*x**3 + x. Let y be t(1). Let z = y + 41. Suppose z = -3*a + 8*a + 2*h, -a + 4*h + 14 = 0. List the prime factors of a.
2, 5
Let a = 30 + -18. Let d(h) = 12*h + 5 + 0 - 2 - 3*h**2 + 2*h**2. What are the prime factors of d(a)?
3
Suppose -t + 29 = -37. Suppose -2*x + 2*c + 96 = 0, -5*c - 24 = -2*x + t. List the prime factors of x.
2, 5
Let b(r) = r**2 - r + 7. Let y(j) = -j**3 + 6*j**2 + 4. Let n be y(6). Suppose 15 = u + 5*s, n*s - 12 = 3*u - 7*u. List the prime factors of b(u).
7
Let v(k) = k**2 - 4. Let j be v(-3). Let z = 9 - j. Suppose -z*m - 30 = -9*m. What are the prime factors of m?
2, 3
Suppose -15*z + 11*z + 3596 = 0. Suppose -5*k + 969 - 42 = -3*w, 0 = -5*k - 4*w + z. List the prime factors of k.
3, 61
Let f = -653 + 915. What are the prime factors of f?
2, 131
Let o(q) = 5*q**2 - 6*q + 8. Let z be o(2). What are the prime factors of 713/3 - z/(-12)?
239
Let m be ((-1765)/10)/((-1)/2). Suppose 3*a - 262 - m = 0. What are the prime factors of a?
5, 41
Let t = 1729 + -980. What are the prime factors of t?
7, 107
List the prime factors of 2/2 - (-20)/(-5) - -31.
2, 7
Let k be (2/4)/(19/494). Suppose 0 = -k*v + 18*v - 150. What are the prime factors of (54/10)/(9/v)?
2, 3
Let o be (-11)/(-22) - (-305)/2. Suppose 116 + o = 3*i - j, 0 = i + 2*j - 85. Suppose 3*r - i = -y, -2*r - 2*y + 58 = -0. What are the prime factors of r?
2, 3, 5
Let p = 190 - -2864. What are the prime factors of p?
2, 3, 509
Let x(k) = k**2 + 16*k - 60. What are the prime factors of x(-53)?
1901
Let r be 1 + (-12)/(-9)*(-3)/(-1). Suppose 355 = -4*h + 7*h - 5*o, -5*o = -r. What are the prime factors of h?
2, 3, 5
Suppose -426*t - 1410 = -431*t. What are the prime factors of t?
2, 3, 47
Let j be 2 - (-7 + 1 + 3). Suppose -2*f - 3 - j = 0. List the prime factors of 14 + -5 + (f - -1).
2, 3
Let k = -47 + 1619. What are the prime factors of k?
2, 3, 131
Let t(j) = 9*j**2 + 2*j + 2*j - 10*j**2 - 4 - 2*j**3 + j**3. What are the prime factors of t(-5)?
2, 19
Let p be 49/(44/12 - 4). Let t = p - -362. What are the prime factors of t?
5, 43
Let h(w) = -50*w + 3. Let a be h(-3). Suppose a = 2*x + x. List the prime factors of x.
3, 17
Let d(k) = k**3 + 8*k**2 - 3*k - 4. Let l be d(-6). Suppose 8*s - l = 66. What are the prime factors of s?
19
Suppose 5*q - 140 = 3*q. Let m be (q*(-3 - -2))/1. What are the prime factors of (-20)/m - 355/(-7)?
3, 17
Suppose 3*f - 4 = 5. Let s be -2 + f - (1 - -13). Let p = 9 - s. List the prime factors of p.
2, 11
Suppose -62*u - 1020 = -64*u. What are the prime factors of u?
2, 3, 5, 17
What are the prime factors of 2153/5 - ((-63)/(-5) - 13)?
431
Let d = 71 - 67. Suppose 0 = q - d*w - 107, -q = w + w - 95. What are the prime factors of q?
3, 11
List the prime factors of (-13)/52*-1660 - -10.
5, 17
Let u(d) = 6 - 3 - 2*d - 4 + 7. Let r be u(8). Let h(s) = -s**2 - 10*s + 11. List the prime factors of h(r).
11
Let m(l) = 4*l**2 - l. Let h(g) = g**3 - 6*g**2 + 6*g - 2. Let x be h(5). Suppose 0 = -x*j + 1 + 2. List the prime factors of m(j).
3
Suppose y + 9 = 4*y. Suppose c - y*u - 24 = -u, -c - 3*u = -14. What are the prime factors of c?
2, 5
Let u = -86 + 60. Let g = -18 - u. List the prime factors of (-72)/(-1) - g/(-4).
2, 37
Suppose 0*p - 3 = 3*p, -2*x + 2 = 4*p. Suppose 0 = -q + x*q + 10. Let h = 16 - q. What are the prime factors of h?
3, 7
Let l = 758 - 379. What are the prime factors of l?
379
Let s(k) be the second derivative of -4*k**3/3 - 3*k**2/2 - 6*k. Let n be s(-1). What are the prime factors of (68/5)/(2/n)?
2, 17
Let a = -5081 - -9165. List the prime factors of a.
2, 1021
Let w(n) = -5*n - 8. Let m be w(-14). Suppose -3*b + 118 = -m. What are the prime factors of b?
2, 3, 5
Let i be (11 + (-4 - -2))*5. Let r be 2/(-6) + (-50)/(-15). Suppose 5*o - v = 65 + 30, -i = -r*o + 3*v. What are the prime factors of o?
2, 5
Let x = 58 - 47. Let v = 9 + x. List the prime factors of v.
2, 5
Let f = -1696 - -3484. List the prime factors of f.
2, 3, 149
Let o(r) = -11*r**3 - r - 2*r**2 + 6*r**2 + 12*r**3 + 4. Let s = -9 - -5. List the prime factors of o(s).
2
Suppose 2*h - 5*q = -3*q + 1210, 4*h + 5*q = 2402. List the prime factors of h.
3, 67
Let b be (2 - (3 - 2)) + -1. Let f be (-144)/(-21) + (-3)/(-21). Suppose b*k - f = -k. What are the prime factors of k?
7
Let n = 2081 + -1269. List the prime factors of n.
2, 7, 29
Suppose 2*z - 7*k = -2*k + 36, 2*z - 4*k = 34. Let h = 16 - z. Suppose i = 2*a - 6 - 4, -10 = -a + h*i. What are the prime factors of a?
2
Let z = 11 - 10. Let l(h) = 3*h**2 + 1. Let o be l(z). Suppose 3*a - 7*a + 11 = 5*d, -19 = -o*a + 3*d. What are the prime factors of a?
2
Let r = -10 + 12. Let t be (-1396)/(-16) - 1/4. Suppose 5*k + 2*m - t = -r*m, -3*m = 6. List the prime factors of k.
19
What are the prime factors of -26 + 518 - (-10)/(-2)?
487
List the prime factors of 3435/(-10)*(-40)/12.
5, 229
Let i(v) = -2*v**2 - 7*v + 9. Let z(s) = -s**2. Let r(u) = i(u) - 3*z(u). Let l be r(6). Suppose -l*d = -11 - 7. List the prime factors of d.
2, 3
Let o = -34 - -81. Suppose 207 = 4*v + o. List the prime factors of v.
2, 5
Let y(t) = -t**3 - 5*t**2 + 6*t + 5. Let k be y(-6). Suppose 2*f + 6 = k*f. Suppose -6*n + 12 = -f*n. What are the prime factors of n?
3
Suppose 4*t = 2*u + 14 + 4, 0 = -3*t - 4*u + 8. Suppose -45 = 3*y - t*h - 4, 5*h = -3*y + 4. Let j(w) = -4*w - 6. What are the prime factors of j(y)?
2, 11
Let i(t) = t**2 - 23. Let u be i(-5). Suppose u*w - 142 - 196 = 0. What are the prime factors of w?
13
Let r = 769 + 